g be (-6879)/4 + 15/(-60). Let q be (g/(-170) - 10) + (-168)/(-17). Calculate the greatest common divisor of q and 40.
10
Let k(w) = w**3 - 28*w**2 - 28*w - 23. Let d be k(29). Suppose d*o = -7*o + 156. Let b be (-12)/9*3/(-2). What is the greatest common divisor of o and b?
2
Suppose -7*y - 4*l + 2381 + 2407 = 0, y + l = 687. What is the greatest common divisor of 1040 and y?
40
Let d(z) = 1013*z + 1016. Let y be d(-1). Let k(h) = h**2 + 3*h - 6. Let v be k(6). Suppose -l - l = -v. Calculate the greatest common divisor of y and l.
3
Let b = 2658 + -2655. Calculate the greatest common factor of 25 and b.
1
Suppose 3*g + 13 = -5*k + 528, 0 = -2*g + 10. Let i be 0 - k/3*-3. What is the greatest common divisor of 40 and i?
20
Let y = 13 - 2. Let g be (-8)/(2/6 - (-238)/(-462)). Calculate the highest common factor of g and y.
11
Let l = 3610 - 1539. Calculate the greatest common divisor of l and 38.
19
Let f(o) = 10*o**2 - 1. Let x be f(-1). Let w be (6777/4)/9 + (-12)/(-16). What is the highest common factor of x and w?
9
Let x(l) = 18*l + 1746. Let y be x(-79). What is the greatest common divisor of y and 1152?
36
Let n(c) = 19*c + 450. Let d be n(-23). Suppose -2499 = d*t - 30*t. Calculate the greatest common divisor of t and 42.
21
Let c = -4447 + 6339. Calculate the greatest common divisor of c and 176.
44
Let t be 10/6 + 2/(-3). Let i(n) = -7 + 134 + 43*n - 126. Let d be i(t). What is the greatest common divisor of d and 66?
22
Suppose 2*z + 22526 - 29748 - 46520 = 0. Calculate the greatest common divisor of 159 and z.
159
Suppose 2*q - q - 3*s = 224, 0 = 2*s - 4. Let t = q - 191. What is the greatest common factor of t and 3?
3
Suppose -3*m = b + 13, 0*b = 5*b + 2*m. Suppose -3*g + b*u - 7*u + 55 = 0, 45 = 2*g + 5*u. Calculate the greatest common divisor of 270 and g.
10
Suppose 15 = -3*n - 12. Let l(c) = -4*c - 16. Let y be l(n). Let w(p) = 3*p**2 + 3*p - 8. Let h be w(2). Calculate the greatest common divisor of y and h.
10
Let f = -16544 + 16740. What is the highest common divisor of 63 and f?
7
Let o be -2*(-585)/(-60)*-6. Calculate the greatest common factor of 611 and o.
13
Let f be 59*5 - (-3 + 2). Suppose -2*j = p - 5*j + 10, -3*p + 2*j + 12 = 0. Calculate the highest common divisor of p and f.
8
Let f(d) = -43*d**2 - 595*d + 142. Let v be f(-14). Let l(p) = 56*p**2 - p - 2. Let b be l(2). Calculate the greatest common factor of b and v.
44
Let j = -2981 + 5305. Calculate the highest common factor of 747 and j.
83
Let y = 192 + 123. Calculate the greatest common factor of 495 and y.
45
Let x be (-2)/((-6)/27) - 10/(-5). Suppose -43 = -x*a - 10. Suppose 29 = 4*z + f, f = a*z + 2*z - 34. Calculate the greatest common divisor of z and 21.
7
Suppose 10*g + 269 = 449. Let d be 25/10*(-12)/(-15). Suppose 0 = -a + d - 0. What is the highest common divisor of g and a?
2
Suppose 4*a - 1125 = -3*n, 3*a + 1125 = 3*n + 2*a. Suppose 2*y + 60 = 4*y. Calculate the greatest common divisor of y and n.
15
Suppose 7*y = y - 168. Let g = 50 - y. Suppose -5*c + s - 5*s + 102 = 0, -2*s + g = 4*c. Calculate the highest common factor of c and 18.
18
Let f = -68 + 69. Let r(j) = 8*j**2 + 5*j + 2. Let u be r(-2). Calculate the greatest common divisor of f and u.
1
Suppose 29*h + 107 = 30*h + 5*c, 0 = h + 3*c - 111. Calculate the highest common factor of 21 and h.
3
Let s = 5283 - 4419. What is the highest common divisor of s and 6?
6
Let q(g) = 5 + 11*g + 3 + 14 - 3. Let o be q(5). What is the greatest common divisor of o and 111?
37
Let b(n) = 3*n**2 - 40*n + 18. Let f be b(13). Suppose -227 + 152 = -f*p. Calculate the greatest common divisor of 45 and p.
15
Let c(s) = 230 - 107 - 11 - 3*s. Let f be c(19). What is the highest common factor of 11 and f?
11
Suppose -4*g - 108 + 843 = 31*g. Calculate the greatest common divisor of g and 4809.
21
Let h = -13370 - -13710. Calculate the highest common divisor of 6936 and h.
68
Let z(f) = 3339*f**3 - f**2 + 6*f. Let b be z(1). What is the greatest common divisor of 4 and b?
4
Suppose 2*d = -8 - 8. Let z be ((-2)/d)/((-4)/(-80)). Suppose -u + 134 = 4*h, -z*u + 3 = h - 21. Calculate the highest common divisor of h and 34.
34
Suppose i - 70 = -2*i + 2*m, -4*m = -4*i + 88. What is the highest common divisor of i and 9178?
26
Suppose 4*n - 17 = w + 19, -4*w + 2*w = 0. Calculate the greatest common divisor of n and 10674.
9
Let r = 408 - 291. Let b be 3 + 12/(-10)*-30. What is the highest common divisor of r and b?
39
Let v be (80/25 + -4)*(-76 + 1). What is the greatest common factor of 480 and v?
60
Let y(f) = 41*f + 383. Let h be y(-8). Calculate the highest common divisor of 270 and h.
5
Let m = 165 + -145. Suppose 0 = -m*i + 14*i + 912. What is the highest common factor of i and 19?
19
Let f(t) = 2*t - 14. Let r be f(5). Let p = 0 - r. Let n be (-64)/(-5)*(16 + p). What is the greatest common factor of 16 and n?
16
Suppose 242*w - 216*w - 78 = 0. Suppose i = 4*i - 36. Suppose -i = -4*x, 5*x = w*n - 23 - 25. Calculate the greatest common factor of 14 and n.
7
Let m be (-4)/(-22) - (-81)/99. Let s be m/((-10)/65)*-6. Let a be 39/6*12*2. Calculate the greatest common factor of s and a.
39
Let y = -88 + 179. Let m = 54451 - 54430. What is the greatest common divisor of m and y?
7
Suppose -2*t + 2766 = -3*g, 6*g = t + 7*g - 1398. What is the highest common factor of 240 and t?
48
Let y be (1*5)/((-1)/3). Let g be (-2)/(6/(-3)) - y. Let t(x) = 17*x**3 + 2*x**2 + 8*x - 16. Let v be t(2). Calculate the greatest common factor of g and v.
16
Let u be 16/72 + (-6341)/(-51)*49/3. Calculate the greatest common factor of 9 and u.
3
Let g = -12604 - -12780. Suppose -4 - 15 = -k. Let m be k + 5/(5/(-3)). Calculate the greatest common divisor of g and m.
16
Let w(p) = p**3 - 37*p**2 + 81*p - 345. Let q be w(35). Calculate the highest common divisor of q and 1984.
8
Let y be (-6)/(-42) + 45/(-21). Let r be (1 + y)/(1 + (-52)/48). Let i be (-18)/(-5)*90/r. What is the greatest common factor of 3 and i?
3
Let b be -1 + 3/9*30. Let y be (-3)/(3591/(-396) + b). Calculate the greatest common factor of 187 and y.
11
Let y be (-159)/(-9) - 10/15. Let f = y + -13. Suppose -7 = -o + t, -2*o = f*t - 0*t - 2. What is the greatest common factor of o and 10?
5
Suppose 2*d = 4*p - 102, -76*d = 5*p - 79*d - 128. Calculate the greatest common factor of p and 2450.
25
Let x = 5947 + -1219. Calculate the highest common factor of x and 12.
12
Let k be (1 + 5)*(3 + 17/3). Let f = k - 45. Calculate the highest common divisor of 119 and f.
7
Suppose -65*p - 52*p - 89*p + 532304 = 0. What is the highest common divisor of 680 and p?
136
Let w = -374 - -365. Let i be (-3 - 69/w)*(-483)/(-14). What is the highest common divisor of i and 69?
23
Let h(n) = 2*n**2 - 15*n - 8. Let c be h(9). Let y(t) = t**2 - 15*t - 5. Let j be y(20). Calculate the greatest common divisor of c and j.
19
Suppose -9*i + 638 = -6*i - 2*f, 0 = -i - 2*f + 194. Calculate the greatest common divisor of 768 and i.
16
Let l = 730 - 518. Suppose -3*r + 43 = -l. Calculate the greatest common factor of r and 34.
17
Let g be (21 + 14 + -31)/(((-15)/(-816))/5). What is the greatest common factor of g and 40?
8
Let y = -2656 + 3104. Calculate the greatest common factor of y and 21.
7
Suppose 0 = 6*z - z - 10. Suppose z*s = 5*n + 116, 0 = -s + n + 69 - 17. Let g = 164 - 152. What is the greatest common factor of g and s?
12
Let m be (-79)/(-3) + 6/9. Let t = -7580 - -7715. What is the greatest common divisor of m and t?
27
Let d(o) = -167*o - 4457. Let u be d(-34). Calculate the highest common divisor of u and 132.
33
Suppose -14*k + 14 = -7*k. Suppose 5*w = -k*m + 374, w = 3*m - 4*w - 586. Calculate the highest common divisor of 60 and m.
12
Let z(v) = v**2 - 17*v - 1632. Let g be z(-34). What is the highest common divisor of 2125 and g?
17
Let w(k) = k**3 - 21*k**2 - 25*k - 17. Let s be (-220)/(-15)*(0 - (-6)/4). Let l be w(s). Let p = -73 - l. Calculate the highest common divisor of p and 80.
10
Let f = 6003 + 1683. Calculate the highest common factor of f and 126.
126
Suppose -5*m + 2*f = -155, -2*m = 3*m - 4*f - 165. Suppose 0 = -11*s + m*s - 432. Calculate the highest common factor of s and 432.
24
Let x = 103 - 94. Let j be (32 - -9)*(0 + x). Let l be 82/4*(-6)/(-3). What is the hig